ommon divisor of 24 and 6978888.
24
What is the greatest common factor of 4898 and 14536?
158
Calculate the highest common divisor of 22134 and 7266.
42
Calculate the highest common factor of 2436 and 6931.
29
Calculate the greatest common factor of 14963 and 13.
13
What is the greatest common factor of 14 and 436695?
7
Calculate the highest common divisor of 152 and 16682.
38
Calculate the highest common factor of 232 and 143260.
116
What is the highest common factor of 319110 and 110?
110
Calculate the highest common factor of 21 and 7581.
21
What is the greatest common divisor of 12 and 42308?
4
What is the highest common factor of 93 and 662532?
93
Calculate the greatest common factor of 702 and 6162.
78
Calculate the highest common divisor of 28364 and 68.
4
What is the highest common factor of 1150 and 25415?
115
What is the greatest common factor of 25590 and 3630?
30
Calculate the highest common divisor of 135 and 27405.
135
What is the greatest common divisor of 182 and 108626?
14
What is the greatest common factor of 117395 and 10189?
443
Calculate the greatest common divisor of 131385 and 1520.
95
What is the highest common divisor of 8156551 and 71?
71
Calculate the greatest common divisor of 1 and 74821.
1
What is the greatest common divisor of 612 and 411876?
612
What is the highest common divisor of 1108916 and 76?
76
Calculate the highest common divisor of 110 and 644105.
55
What is the greatest common divisor of 1159 and 8479?
61
What is the greatest common divisor of 6 and 186699?
3
What is the greatest common divisor of 52657 and 88?
11
Calculate the greatest common factor of 133994 and 714.
238
What is the highest common divisor of 30798 and 1121?
59
What is the highest common factor of 6941 and 147023?
631
Calculate the highest common divisor of 491047 and 863.
863
What is the greatest common divisor of 1780 and 7387?
89
What is the highest common divisor of 1696 and 15476?
212
What is the highest common factor of 760 and 6280?
40
What is the greatest common divisor of 25620 and 8960?
140
What is the greatest common divisor of 30778 and 143?
11
What is the highest common divisor of 10044 and 288?
36
Calculate the highest common divisor of 53932 and 24832.
388
Calculate the highest common factor of 255129 and 84.
21
Calculate the greatest common factor of 112220 and 1970.
10
Calculate the highest common factor of 8844 and 396.
132
Calculate the highest common divisor of 34969 and 221.
17
What is the greatest common divisor of 39350 and 150?
50
Calculate the greatest common divisor of 406 and 1949206.
406
What is the highest common divisor of 424 and 92591?
53
What is the greatest common divisor of 1788 and 1044?
12
What is the greatest common divisor of 355005 and 207?
207
Calculate the highest common factor of 18474 and 102.
6
Calculate the greatest common factor of 7816 and 16.
8
Calculate the highest common factor of 397012 and 252.
28
Calculate the greatest common factor of 1562 and 44.
22
Calculate the greatest common factor of 252226 and 338.
26
Calculate the highest common divisor of 20984712 and 56.
56
What is the greatest common divisor of 34488 and 128?
8
Calculate the greatest common factor of 1787836 and 92.
92
What is the highest common factor of 1117045 and 1640?
205
What is the highest common factor of 553 and 4582?
79
Calculate the highest common divisor of 523692 and 351.
351
What is the greatest common divisor of 144 and 10572?
12
Calculate the greatest common factor of 32 and 100.
4
Calculate the highest common factor of 29 and 170549.
29
What is the highest common factor of 140 and 11795?
35
Calculate the highest common factor of 96 and 88800.
96
What is the greatest common factor of 1683 and 22185?
153
What is the greatest common divisor of 6565 and 6435?
65
Calculate the greatest common divisor of 1306 and 16916618.
1306
What is the greatest common divisor of 121689 and 27?
27
Calculate the highest common divisor of 3352 and 944.
8
Calculate the greatest common factor of 52 and 709488.
52
What is the greatest common divisor of 861230 and 90?
10
Calculate the greatest common factor of 477348 and 3.
3
Calculate the greatest common divisor of 4230 and 1170.
90
Calculate the highest common divisor of 49269 and 33.
33
What is the greatest common factor of 12348 and 861?
21
What is the greatest common divisor of 1861684 and 1276?
1276
What is the greatest common factor of 685838 and 5833?
307
What is the greatest common factor of 2926 and 4378?
22
Calculate the highest common divisor of 36211 and 7.
7
What is the greatest common divisor of 126 and 4214?
14
What is the highest common divisor of 124254 and 324?
162
Calculate the greatest common divisor of 782004 and 132.
12
What is the greatest common divisor of 576 and 10128?
48
What is the greatest common factor of 30 and 906?
6
Calculate the highest common factor of 67020 and 195.
15
Calculate the highest common divisor of 162 and 3831732.
54
What is the highest common divisor of 4280094 and 507?
507
Calculate the greatest common divisor of 77 and 23023.
77
Calculate the greatest common factor of 108 and 783324.
108
What is the greatest common divisor of 140834 and 134?
134
What is the greatest common divisor of 4116 and 22?
2
Calculate the greatest common factor of 9789775 and 1025.
1025
Calculate the highest common factor of 3171 and 1344.
21
Calculate the greatest common factor of 103 and 31003.
103
Calculate the highest common divisor of 4516375 and 250.
125
What is the greatest common factor of 496 and 608?
16
Calculate the greatest common divisor of 7004 and 272.
68
What is the greatest common divisor of 18490 and 1505?
215
Calculate the highest common factor of 183 and 68869.
61
What is the greatest common divisor of 104420 and 2047?
23
What is the greatest common factor of 8789 and 36754?
799
Calculate the highest common divisor of 21046 and 42711.
619
What is the greatest common factor of 308 and 23485?
77
Calculate the greatest common factor of 48 and 12252.
12
What is the greatest common divisor of 75824 and 1120?
112
What is the greatest common divisor of 7 and 155365?
7
What is the highest common factor of 1008 and 1284?
12
What is the greatest common factor of 478386 and 486?
162
Calculate the greatest common factor of 286 and 1846.
26
What is the highest common factor of 63 and 6363?
63
Calculate the highest common factor of 8 and 88364.
4
Calculate the highest common divisor of 1792 and 14518.
14
Calculate the greatest common factor of 36816 and 32.
16
What is the greatest common divisor of 2209045 and 830?
415
What is the greatest common divisor of 95139 and 1089?
99
What is the greatest common divisor of 1190 and 12665?
85
Calculate the highest common divisor of 198500 and 125.
125
Calculate the highest common factor of 7680 and 1590.
30
Calculate the greatest common divisor of 37 and 484663.
37
What is the highest common divisor of 62 and 129487?
31
Calculate the highest common divisor of 5 and 458595.
5
What is the highest common divisor of 18 and 25034?
2
Calculate the highest common factor of 112545 and 39162.
183
What is the greatest common factor of 869 and 12087?
79
Calculate the greatest common factor of 575 and 3887.
23
Calculate the greatest common divisor of 504 and 14904.
72
What is the highest common divisor of 50 and 126950?
50
Calculate the greatest common factor of 1440 and 632.
8
Calculate the highest common divisor of 225 and 369575.
25
What is the greatest common factor of 161616 and 1302?
42
What is the highest common factor of 4163256 and 1060?
212
What is the highest common factor of 27949 and 152?
19
What is the highest common factor of 21160 and 5380?
20
What is the highest common factor of 2680 and 4355?
335
What is the highest common divisor of 2337050 and 645?
215
Calculate the greatest common factor of 2826 and 22284.
18
What is the greatest common factor of 602133 and 7?
7
What is the highest common factor of 1543072 and 32?
32
What is the greatest common divisor of 6 and 4050840?
6
What is the highest common factor of 822 and 1251358?
274
What is the highest common factor of 2592 and 384696?
216
What is the highest common factor of 2294 and 11?
1
Calculate the greatest common factor of 2673 and 19197.
243